{"id":2996,"date":"2026-09-03T12:50:47","date_gmt":"2026-09-03T10:50:47","guid":{"rendered":"https:\/\/nilin.org.pl\/?post_type=szkolenie&#038;p=2996"},"modified":"2026-09-03T13:24:54","modified_gmt":"2026-09-03T11:24:54","slug":"centralna-e-rejestracja-3","status":"publish","type":"szkolenie","link":"https:\/\/nilin.org.pl\/en\/szkolenie\/centralna-e-rejestracja-3\/","title":{"rendered":"Centralna e-rejestracja"},"content":{"rendered":"\n<p class=\"wp-block-paragraph\">Szkolenie obejmuje zagadnienia zwi\u0105zane z organizacj\u0105 procesu udzielania \u015bwiadcze\u0144 zdrowotnych z wykorzystaniem centralnej e\u2011rejestracji, w tym zasady umawiania wizyt, zarz\u0105dzanie harmonogramami przyj\u0119\u0107 oraz rol\u0119 personelu medycznego w realizacji \u015bwiadcze\u0144.&nbsp;<\/p>\n\n\n\n<p class=\"wp-block-paragraph\"><strong>Program:<\/strong><\/p>\n\n\n\n<ul class=\"wp-block-list\">\n<li>Centralna e\u2011rejestracja \u2013 cele wdro\u017cenia i podstawy funkcjonowania.<\/li>\n\n\n\n<li>Zakres \u015bwiadcze\u0144 obj\u0119tych centraln\u0105 e\u2011rejestracj\u0105.<\/li>\n\n\n\n<li>Proces umawiania pacjent\u00f3w.<\/li>\n\n\n\n<li>Zarz\u0105dzanie harmonogramami wizyt.<\/li>\n\n\n\n<li>Najcz\u0119\u015bciej pojawiaj\u0105ce si\u0119 pytania i problemy praktyczne.<\/li>\n\n\n\n<li>Sesja pyta\u0144 i odpowiedzi.<\/li>\n<\/ul>\n\n\n\n<p class=\"wp-block-paragraph\"><strong>Prowadz\u0105cy:<\/strong><\/p>\n\n\n\n<p class=\"wp-block-paragraph\">Iwona Cikoto-Wawrzyniak, Kierownik Projektu centralnej e-rejestracji w Departamencie e-Zdrowia. Pe\u0142ni\u0142a rol\u0119 kierownika projektu w projektach e-zdrowia realizowanych przez Ministerstwo Zdrowia. Jest ekspertem ds. us\u0142ug elektronicznych w obszarze zdrowia.<\/p>\n\n\n\n<p class=\"wp-block-paragraph\">Monika Czarnecka, g\u0142\u00f3wny specjalista w Departamencie e-Zdrowia. Obecnie pe\u0142ni funkcj\u0119 analityka biznesowego w systemie centralnej e-rejestracji; wcze\u015bniej uczestniczy\u0142a w realizacji innych projekt\u00f3w z obszaru e-zdrowia dla Ministerstwa Zdrowia. Jest ekspertem ds. us\u0142ug elektronicznych w obszarze zdrowia.<\/p>\n\n\n\n<p class=\"wp-block-paragraph\"><strong>Szkolenie organizowane w partnerstwie z Ministerstwem Zdrowia.<\/strong>\u00a0<\/p>\n","protected":false},"excerpt":{"rendered":"<p>Szkolenie obejmuje zagadnienia zwi\u0105zane z organizacj\u0105 procesu udzielania \u015bwiadcze\u0144 zdrowotnych z wykorzystaniem centralnej e\u2011rejestracji, w tym zasady umawiania wizyt, zarz\u0105dzanie harmonogramami przyj\u0119\u0107 oraz rol\u0119 personelu medycznego w realizacji \u015bwiadcze\u0144.&nbsp; Program: Prowadz\u0105cy: Iwona Cikoto-Wawrzyniak, Kierownik Projektu centralnej e-rejestracji w Departamencie e-Zdrowia. Pe\u0142ni\u0142a rol\u0119 kierownika projektu w projektach e-zdrowia realizowanych przez Ministerstwo Zdrowia. Jest ekspertem ds. us\u0142ug [&hellip;]<\/p>\n","protected":false},"featured_media":2997,"parent":0,"template":"","meta":{"_acf_changed":true},"kategoria-grupy-badawczej":[],"class_list":["post-2996","szkolenie","type-szkolenie","status-publish","has-post-thumbnail","hentry"],"acf":[],"yoast_head":"<!-- This site is optimized with the Yoast SEO plugin v28.1 - https:\/\/yoast.com\/product\/yoast-seo-wordpress\/ -->\n<title>Centralna e-rejestracja - Naczelna Izba Lekarska - NIL IN - Sie\u0107 Lekarzy Innowator\u00f3w<\/title>\n<meta name=\"description\" content=\"Centralna e-rejestracja, Iwona Cikoto-Wawrzyniak, Monika Czarnecka, wtorki z innowacjami\" \/>\n<meta name=\"robots\" content=\"index, follow, max-snippet:-1, max-image-preview:large, max-video-preview:-1\" \/>\n<link rel=\"canonical\" href=\"https:\/\/nilin.org.pl\/en\/szkolenie\/centralna-e-rejestracja-3\/\" \/>\n<meta property=\"og:locale\" content=\"en_US\" \/>\n<meta property=\"og:type\" content=\"article\" \/>\n<meta property=\"og:title\" content=\"Centralna e-rejestracja - Naczelna Izba Lekarska - NIL IN - Sie\u0107 Lekarzy Innowator\u00f3w\" \/>\n<meta property=\"og:description\" content=\"Centralna e-rejestracja, Iwona Cikoto-Wawrzyniak, Monika Czarnecka, wtorki z innowacjami\" \/>\n<meta property=\"og:url\" content=\"https:\/\/nilin.org.pl\/en\/szkolenie\/centralna-e-rejestracja-3\/\" \/>\n<meta property=\"og:site_name\" content=\"Naczelna Izba Lekarska - NIL IN - Sie\u0107 Lekarzy Innowator\u00f3w\" \/>\n<meta property=\"article:modified_time\" content=\"2026-09-03T11:24:54+00:00\" \/>\n<meta property=\"og:image\" content=\"https:\/\/nilin.org.pl\/wp-content\/uploads\/2026\/09\/Nil-In-szkolenia-2-gosc-5.png\" \/>\n\t<meta property=\"og:image:width\" content=\"1080\" \/>\n\t<meta property=\"og:image:height\" content=\"1350\" \/>\n\t<meta property=\"og:image:type\" content=\"image\/png\" \/>\n<meta name=\"twitter:card\" content=\"summary_large_image\" \/>\n<meta name=\"twitter:label1\" content=\"Est. reading time\" \/>\n\t<meta name=\"twitter:data1\" content=\"1 minute\" \/>\n<script type=\"application\/ld+json\" class=\"yoast-schema-graph\">{\"@context\":\"https:\\\/\\\/schema.org\",\"@graph\":[{\"@type\":\"WebPage\",\"@id\":\"https:\\\/\\\/nilin.org.pl\\\/en\\\/szkolenie\\\/centralna-e-rejestracja-3\\\/\",\"url\":\"https:\\\/\\\/nilin.org.pl\\\/en\\\/szkolenie\\\/centralna-e-rejestracja-3\\\/\",\"name\":\"Centralna e-rejestracja - Naczelna Izba Lekarska - NIL IN - Sie\u0107 Lekarzy Innowator\u00f3w\",\"isPartOf\":{\"@id\":\"https:\\\/\\\/nilin.org.pl\\\/en\\\/#website\"},\"primaryImageOfPage\":{\"@id\":\"https:\\\/\\\/nilin.org.pl\\\/en\\\/szkolenie\\\/centralna-e-rejestracja-3\\\/#primaryimage\"},\"image\":{\"@id\":\"https:\\\/\\\/nilin.org.pl\\\/en\\\/szkolenie\\\/centralna-e-rejestracja-3\\\/#primaryimage\"},\"thumbnailUrl\":\"https:\\\/\\\/nilin.org.pl\\\/wp-content\\\/uploads\\\/2026\\\/09\\\/Nil-In-szkolenia-2-gosc-5.png\",\"datePublished\":\"2026-09-03T10:50:47+00:00\",\"dateModified\":\"2026-09-03T11:24:54+00:00\",\"description\":\"Centralna e-rejestracja, Iwona Cikoto-Wawrzyniak, Monika Czarnecka, wtorki z innowacjami\",\"breadcrumb\":{\"@id\":\"https:\\\/\\\/nilin.org.pl\\\/en\\\/szkolenie\\\/centralna-e-rejestracja-3\\\/#breadcrumb\"},\"inLanguage\":\"en-US\",\"potentialAction\":[{\"@type\":\"ReadAction\",\"target\":[\"https:\\\/\\\/nilin.org.pl\\\/en\\\/szkolenie\\\/centralna-e-rejestracja-3\\\/\"]}]},{\"@type\":\"ImageObject\",\"inLanguage\":\"en-US\",\"@id\":\"https:\\\/\\\/nilin.org.pl\\\/en\\\/szkolenie\\\/centralna-e-rejestracja-3\\\/#primaryimage\",\"url\":\"https:\\\/\\\/nilin.org.pl\\\/wp-content\\\/uploads\\\/2026\\\/09\\\/Nil-In-szkolenia-2-gosc-5.png\",\"contentUrl\":\"https:\\\/\\\/nilin.org.pl\\\/wp-content\\\/uploads\\\/2026\\\/09\\\/Nil-In-szkolenia-2-gosc-5.png\",\"width\":1080,\"height\":1350},{\"@type\":\"BreadcrumbList\",\"@id\":\"https:\\\/\\\/nilin.org.pl\\\/en\\\/szkolenie\\\/centralna-e-rejestracja-3\\\/#breadcrumb\",\"itemListElement\":[{\"@type\":\"ListItem\",\"position\":1,\"name\":\"Strona g\u0142\u00f3wna\",\"item\":\"https:\\\/\\\/nilin.org.pl\\\/en\\\/\"},{\"@type\":\"ListItem\",\"position\":2,\"name\":\"Training\",\"item\":\"https:\\\/\\\/nilin.org.pl\\\/en\\\/training\\\/\"},{\"@type\":\"ListItem\",\"position\":3,\"name\":\"Centralna e-rejestracja\"}]},{\"@type\":\"WebSite\",\"@id\":\"https:\\\/\\\/nilin.org.pl\\\/en\\\/#website\",\"url\":\"https:\\\/\\\/nilin.org.pl\\\/en\\\/\",\"name\":\"Naczelna Izba Lekarska - NIL IN - Sie\u0107 Lekarzy Innowator\u00f3w\",\"description\":\"\",\"potentialAction\":[{\"@type\":\"SearchAction\",\"target\":{\"@type\":\"EntryPoint\",\"urlTemplate\":\"https:\\\/\\\/nilin.org.pl\\\/en\\\/?s={search_term_string}\"},\"query-input\":{\"@type\":\"PropertyValueSpecification\",\"valueRequired\":true,\"valueName\":\"search_term_string\"}}],\"inLanguage\":\"en-US\"}]}<\/script>\n<!-- \/ Yoast SEO plugin. -->","yoast_head_json":{"title":"Centralna e-rejestracja - Naczelna Izba Lekarska - NIL IN - Sie\u0107 Lekarzy Innowator\u00f3w","description":"Centralna e-rejestracja, Iwona Cikoto-Wawrzyniak, Monika Czarnecka, wtorki z innowacjami","robots":{"index":"index","follow":"follow","max-snippet":"max-snippet:-1","max-image-preview":"max-image-preview:large","max-video-preview":"max-video-preview:-1"},"canonical":"https:\/\/nilin.org.pl\/en\/szkolenie\/centralna-e-rejestracja-3\/","og_locale":"en_US","og_type":"article","og_title":"Centralna e-rejestracja - Naczelna Izba Lekarska - NIL IN - Sie\u0107 Lekarzy Innowator\u00f3w","og_description":"Centralna e-rejestracja, Iwona Cikoto-Wawrzyniak, Monika Czarnecka, wtorki z innowacjami","og_url":"https:\/\/nilin.org.pl\/en\/szkolenie\/centralna-e-rejestracja-3\/","og_site_name":"Naczelna Izba Lekarska - NIL IN - Sie\u0107 Lekarzy Innowator\u00f3w","article_modified_time":"2026-09-03T11:24:54+00:00","og_image":[{"width":1080,"height":1350,"url":"https:\/\/nilin.org.pl\/wp-content\/uploads\/2026\/09\/Nil-In-szkolenia-2-gosc-5.png","type":"image\/png"}],"twitter_card":"summary_large_image","twitter_misc":{"Est. reading time":"1 minute"},"schema":{"@context":"https:\/\/schema.org","@graph":[{"@type":"WebPage","@id":"https:\/\/nilin.org.pl\/en\/szkolenie\/centralna-e-rejestracja-3\/","url":"https:\/\/nilin.org.pl\/en\/szkolenie\/centralna-e-rejestracja-3\/","name":"Centralna e-rejestracja - Naczelna Izba Lekarska - NIL IN - Sie\u0107 Lekarzy Innowator\u00f3w","isPartOf":{"@id":"https:\/\/nilin.org.pl\/en\/#website"},"primaryImageOfPage":{"@id":"https:\/\/nilin.org.pl\/en\/szkolenie\/centralna-e-rejestracja-3\/#primaryimage"},"image":{"@id":"https:\/\/nilin.org.pl\/en\/szkolenie\/centralna-e-rejestracja-3\/#primaryimage"},"thumbnailUrl":"https:\/\/nilin.org.pl\/wp-content\/uploads\/2026\/09\/Nil-In-szkolenia-2-gosc-5.png","datePublished":"2026-09-03T10:50:47+00:00","dateModified":"2026-09-03T11:24:54+00:00","description":"Centralna e-rejestracja, Iwona Cikoto-Wawrzyniak, Monika Czarnecka, wtorki z innowacjami","breadcrumb":{"@id":"https:\/\/nilin.org.pl\/en\/szkolenie\/centralna-e-rejestracja-3\/#breadcrumb"},"inLanguage":"en-US","potentialAction":[{"@type":"ReadAction","target":["https:\/\/nilin.org.pl\/en\/szkolenie\/centralna-e-rejestracja-3\/"]}]},{"@type":"ImageObject","inLanguage":"en-US","@id":"https:\/\/nilin.org.pl\/en\/szkolenie\/centralna-e-rejestracja-3\/#primaryimage","url":"https:\/\/nilin.org.pl\/wp-content\/uploads\/2026\/09\/Nil-In-szkolenia-2-gosc-5.png","contentUrl":"https:\/\/nilin.org.pl\/wp-content\/uploads\/2026\/09\/Nil-In-szkolenia-2-gosc-5.png","width":1080,"height":1350},{"@type":"BreadcrumbList","@id":"https:\/\/nilin.org.pl\/en\/szkolenie\/centralna-e-rejestracja-3\/#breadcrumb","itemListElement":[{"@type":"ListItem","position":1,"name":"Strona g\u0142\u00f3wna","item":"https:\/\/nilin.org.pl\/en\/"},{"@type":"ListItem","position":2,"name":"Training","item":"https:\/\/nilin.org.pl\/en\/training\/"},{"@type":"ListItem","position":3,"name":"Centralna e-rejestracja"}]},{"@type":"WebSite","@id":"https:\/\/nilin.org.pl\/en\/#website","url":"https:\/\/nilin.org.pl\/en\/","name":"Naczelna Izba Lekarska - NIL IN - Sie\u0107 Lekarzy Innowator\u00f3w","description":"","potentialAction":[{"@type":"SearchAction","target":{"@type":"EntryPoint","urlTemplate":"https:\/\/nilin.org.pl\/en\/?s={search_term_string}"},"query-input":{"@type":"PropertyValueSpecification","valueRequired":true,"valueName":"search_term_string"}}],"inLanguage":"en-US"}]}},"_links":{"self":[{"href":"https:\/\/nilin.org.pl\/en\/wp-json\/wp\/v2\/szkolenie\/2996","targetHints":{"allow":["GET"]}}],"collection":[{"href":"https:\/\/nilin.org.pl\/en\/wp-json\/wp\/v2\/szkolenie"}],"about":[{"href":"https:\/\/nilin.org.pl\/en\/wp-json\/wp\/v2\/types\/szkolenie"}],"wp:featuredmedia":[{"embeddable":true,"href":"https:\/\/nilin.org.pl\/en\/wp-json\/wp\/v2\/media\/2997"}],"wp:attachment":[{"href":"https:\/\/nilin.org.pl\/en\/wp-json\/wp\/v2\/media?parent=2996"}],"wp:term":[{"taxonomy":"kategoria-grupy-badawczej","embeddable":true,"href":"https:\/\/nilin.org.pl\/en\/wp-json\/wp\/v2\/kategoria-grupy-badawczej?post=2996"}],"curies":[{"name":"wp","href":"https:\/\/api.w.org\/{rel}","templated":true}]}}

<p class="wp-block-paragraph">Szkolenie obejmuje zagadnienia związane z organizacją procesu udzielania świadczeń zdrowotnych z wykorzystaniem centralnej e‑rejestracji, w tym zasady umawiania wizyt, zarządzanie harmonogramami przyjęć oraz rolę personelu medycznego w realizacji świadczeń.&nbsp;</p>



<p class="wp-block-paragraph"><strong>Program:</strong></p>



<ul class="wp-block-list">
<li>Centralna e‑rejestracja – cele wdrożenia i podstawy funkcjonowania.</li>



<li>Zakres świadczeń objętych centralną e‑rejestracją.</li>



<li>Proces umawiania pacjentów.</li>



<li>Zarządzanie harmonogramami wizyt.</li>



<li>Najczęściej pojawiające się pytania i problemy praktyczne.</li>



<li>Sesja pytań i odpowiedzi.</li>
</ul>



<p class="wp-block-paragraph"><strong>Prowadzący:</strong></p>



<p class="wp-block-paragraph">Iwona Cikoto-Wawrzyniak, Kierownik Projektu centralnej e-rejestracji w Departamencie e-Zdrowia. Pełniła rolę kierownika projektu w projektach e-zdrowia realizowanych przez Ministerstwo Zdrowia. Jest ekspertem ds. usług elektronicznych w obszarze zdrowia.</p>



<p class="wp-block-paragraph">Monika Czarnecka, główny specjalista w Departamencie e-Zdrowia. Obecnie pełni funkcję analityka biznesowego w systemie centralnej e-rejestracji; wcześniej uczestniczyła w realizacji innych projektów z obszaru e-zdrowia dla Ministerstwa Zdrowia. Jest ekspertem ds. usług elektronicznych w obszarze zdrowia.</p>



<p class="wp-block-paragraph"><strong>Szkolenie organizowane w partnerstwie z Ministerstwem Zdrowia.</strong> </p>

<p>Szkolenie obejmuje zagadnienia związane z organizacją procesu udzielania świadczeń zdrowotnych z wykorzystaniem centralnej e‑rejestracji, w tym zasady umawiania wizyt, zarządzanie harmonogramami przyjęć oraz rolę personelu medycznego w realizacji świadczeń.&nbsp; Program: Prowadzący: Iwona Cikoto-Wawrzyniak, Kierownik Projektu centralnej e-rejestracji w Departamencie e-Zdrowia. Pełniła rolę kierownika projektu w projektach e-zdrowia realizowanych przez Ministerstwo Zdrowia. Jest ekspertem ds. usług [&hellip;]</p>

<!-- This site is optimized with the Yoast SEO plugin v28.1 - https://yoast.com/product/yoast-seo-wordpress/ -->
<title>Centralna e-rejestracja - Naczelna Izba Lekarska - NIL IN - Sieć Lekarzy Innowatorów</title>
<meta name="description" content="Centralna e-rejestracja, Iwona Cikoto-Wawrzyniak, Monika Czarnecka, wtorki z innowacjami" />
<meta name="robots" content="index, follow, max-snippet:-1, max-image-preview:large, max-video-preview:-1" />
<link rel="canonical" href="https://nilin.org.pl/en/szkolenie/centralna-e-rejestracja-3/" />
<meta property="og:locale" content="en_US" />
<meta property="og:type" content="article" />
<meta property="og:title" content="Centralna e-rejestracja - Naczelna Izba Lekarska - NIL IN - Sieć Lekarzy Innowatorów" />
<meta property="og:description" content="Centralna e-rejestracja, Iwona Cikoto-Wawrzyniak, Monika Czarnecka, wtorki z innowacjami" />
<meta property="og:url" content="https://nilin.org.pl/en/szkolenie/centralna-e-rejestracja-3/" />
<meta property="og:site_name" content="Naczelna Izba Lekarska - NIL IN - Sieć Lekarzy Innowatorów" />
<meta property="article:modified_time" content="2026-09-03T11:24:54+00:00" />
<meta property="og:image" content="https://nilin.org.pl/wp-content/uploads/2026/09/Nil-In-szkolenia-2-gosc-5.png" />
	<meta property="og:image:width" content="1080" />
	<meta property="og:image:height" content="1350" />
	<meta property="og:image:type" content="image/png" />
<meta name="twitter:card" content="summary_large_image" />
<meta name="twitter:label1" content="Est. reading time" />
	<meta name="twitter:data1" content="1 minute" />
<script type="application/ld+json" class="yoast-schema-graph">{"@context":"https:\/\/schema.org","@graph":[{"@type":"WebPage","@id":"https:\/\/nilin.org.pl\/en\/szkolenie\/centralna-e-rejestracja-3\/","url":"https:\/\/nilin.org.pl\/en\/szkolenie\/centralna-e-rejestracja-3\/","name":"Centralna e-rejestracja - Naczelna Izba Lekarska - NIL IN - Sieć Lekarzy Innowatorów","isPartOf":{"@id":"https:\/\/nilin.org.pl\/en\/#website"},"primaryImageOfPage":{"@id":"https:\/\/nilin.org.pl\/en\/szkolenie\/centralna-e-rejestracja-3\/#primaryimage"},"image":{"@id":"https:\/\/nilin.org.pl\/en\/szkolenie\/centralna-e-rejestracja-3\/#primaryimage"},"thumbnailUrl":"https:\/\/nilin.org.pl\/wp-content\/uploads\/2026\/09\/Nil-In-szkolenia-2-gosc-5.png","datePublished":"2026-09-03T10:50:47+00:00","dateModified":"2026-09-03T11:24:54+00:00","description":"Centralna e-rejestracja, Iwona Cikoto-Wawrzyniak, Monika Czarnecka, wtorki z innowacjami","breadcrumb":{"@id":"https:\/\/nilin.org.pl\/en\/szkolenie\/centralna-e-rejestracja-3\/#breadcrumb"},"inLanguage":"en-US","potentialAction":[{"@type":"ReadAction","target":["https:\/\/nilin.org.pl\/en\/szkolenie\/centralna-e-rejestracja-3\/"]}]},{"@type":"ImageObject","inLanguage":"en-US","@id":"https:\/\/nilin.org.pl\/en\/szkolenie\/centralna-e-rejestracja-3\/#primaryimage","url":"https:\/\/nilin.org.pl\/wp-content\/uploads\/2026\/09\/Nil-In-szkolenia-2-gosc-5.png","contentUrl":"https:\/\/nilin.org.pl\/wp-content\/uploads\/2026\/09\/Nil-In-szkolenia-2-gosc-5.png","width":1080,"height":1350},{"@type":"BreadcrumbList","@id":"https:\/\/nilin.org.pl\/en\/szkolenie\/centralna-e-rejestracja-3\/#breadcrumb","itemListElement":[{"@type":"ListItem","position":1,"name":"Strona główna","item":"https:\/\/nilin.org.pl\/en\/"},{"@type":"ListItem","position":2,"name":"Training","item":"https:\/\/nilin.org.pl\/en\/training\/"},{"@type":"ListItem","position":3,"name":"Centralna e-rejestracja"}]},{"@type":"WebSite","@id":"https:\/\/nilin.org.pl\/en\/#website","url":"https:\/\/nilin.org.pl\/en\/","name":"Naczelna Izba Lekarska - NIL IN - Sieć Lekarzy Innowatorów","description":"","potentialAction":[{"@type":"SearchAction","target":{"@type":"EntryPoint","urlTemplate":"https:\/\/nilin.org.pl\/en\/?s={search_term_string}"},"query-input":{"@type":"PropertyValueSpecification","valueRequired":true,"valueName":"search_term_string"}}],"inLanguage":"en-US"}]}</script>
<!-- / Yoast SEO plugin. -->

Centralna e-rejestracja - Naczelna Izba Lekarska - NIL IN - Sieć Lekarzy Innowatorów

Naczelna Izba Lekarska - NIL IN - Sieć Lekarzy Innowatorów

Strona główna
