{"id":1106,"date":"2023-09-01T00:00:00","date_gmt":"2023-09-01T00:00:00","guid":{"rendered":"https:\/\/nilin.org.pl\/wydarzenie\/forum-ekonomiczne-jaku\/"},"modified":"2023-09-01T00:00:00","modified_gmt":"2023-09-01T00:00:00","slug":"forum-ekonomiczne-jaku","status":"publish","type":"wydarzenie","link":"https:\/\/nilin.org.pl\/en\/wydarzenie\/forum-ekonomiczne-jaku\/","title":{"rendered":"Spotkaj si\u0119 z nami !"},"content":{"rendered":"<p>Nie przegapcie okazji na spotkanie i rozmow\u0119 z przedstawicielami NIL IN, kt\u00f3rzy b\u0119d\u0105 obecni na XXXII Forum Ekonomicznym w Karpaczu!  <\/p>\n<p>\u0141ukasz Sosnowski, Partner Operacyjny, oraz Jakub Chwie\u0107ko, Partner Zarz\u0105dzaj\u0105cy, ch\u0119tnie podziel\u0105 si\u0119 swoj\u0105 wiedz\u0105 i do\u015bwiadczeniem z zakresu NIL IN.<\/p>\n<p> <P> Do\u0142\u0105czcie do nas i rozpocznijcie inspiruj\u0105ce dyskusje! <\/p>\n","protected":false},"featured_media":0,"parent":0,"template":"","meta":{"_acf_changed":false},"kategoria-grupy-badawczej":[27],"class_list":["post-1106","wydarzenie","type-wydarzenie","status-publish","hentry","kategoria-grupy-badawczej-startupy-medyczne"],"acf":[],"yoast_head":"<!-- This site is optimized with the Yoast SEO plugin v27.3 - https:\/\/yoast.com\/product\/yoast-seo-wordpress\/ -->\n<title>Spotkaj si\u0119 z nami ! - Naczelna Izba Lekarska - NIL IN - Sie\u0107 Lekarzy Innowator\u00f3w<\/title>\n<meta name=\"robots\" content=\"index, follow, max-snippet:-1, max-image-preview:large, max-video-preview:-1\" \/>\n<link rel=\"canonical\" href=\"https:\/\/nilin.org.pl\/en\/wydarzenie\/forum-ekonomiczne-jaku\/\" \/>\n<meta property=\"og:locale\" content=\"en_US\" \/>\n<meta property=\"og:type\" content=\"article\" \/>\n<meta property=\"og:title\" content=\"Spotkaj si\u0119 z nami ! - Naczelna Izba Lekarska - NIL IN - Sie\u0107 Lekarzy Innowator\u00f3w\" \/>\n<meta property=\"og:description\" content=\"Nie przegapcie okazji na spotkanie i rozmow\u0119 z przedstawicielami NIL IN, kt\u00f3rzy b\u0119d\u0105 obecni na XXXII Forum Ekonomicznym w Karpaczu! \u0141ukasz Sosnowski, Partner Operacyjny, oraz Jakub Chwie\u0107ko, Partner Zarz\u0105dzaj\u0105cy, ch\u0119tnie podziel\u0105 si\u0119 swoj\u0105 wiedz\u0105 i do\u015bwiadczeniem z zakresu NIL IN. Do\u0142\u0105czcie do nas i rozpocznijcie inspiruj\u0105ce dyskusje!\" \/>\n<meta property=\"og:url\" content=\"https:\/\/nilin.org.pl\/en\/wydarzenie\/forum-ekonomiczne-jaku\/\" \/>\n<meta property=\"og:site_name\" content=\"Naczelna Izba Lekarska - NIL IN - Sie\u0107 Lekarzy Innowator\u00f3w\" \/>\n<meta name=\"twitter:card\" content=\"summary_large_image\" \/>\n<script type=\"application\/ld+json\" class=\"yoast-schema-graph\">{\"@context\":\"https:\\\/\\\/schema.org\",\"@graph\":[{\"@type\":\"WebPage\",\"@id\":\"https:\\\/\\\/nilin.org.pl\\\/en\\\/wydarzenie\\\/forum-ekonomiczne-jaku\\\/\",\"url\":\"https:\\\/\\\/nilin.org.pl\\\/en\\\/wydarzenie\\\/forum-ekonomiczne-jaku\\\/\",\"name\":\"Spotkaj si\u0119 z nami ! - Naczelna Izba Lekarska - NIL IN - Sie\u0107 Lekarzy Innowator\u00f3w\",\"isPartOf\":{\"@id\":\"https:\\\/\\\/nilin.org.pl\\\/en\\\/#website\"},\"datePublished\":\"2023-09-01T00:00:00+00:00\",\"breadcrumb\":{\"@id\":\"https:\\\/\\\/nilin.org.pl\\\/en\\\/wydarzenie\\\/forum-ekonomiczne-jaku\\\/#breadcrumb\"},\"inLanguage\":\"en-US\",\"potentialAction\":[{\"@type\":\"ReadAction\",\"target\":[\"https:\\\/\\\/nilin.org.pl\\\/en\\\/wydarzenie\\\/forum-ekonomiczne-jaku\\\/\"]}]},{\"@type\":\"BreadcrumbList\",\"@id\":\"https:\\\/\\\/nilin.org.pl\\\/en\\\/wydarzenie\\\/forum-ekonomiczne-jaku\\\/#breadcrumb\",\"itemListElement\":[{\"@type\":\"ListItem\",\"position\":1,\"name\":\"Strona g\u0142\u00f3wna\",\"item\":\"https:\\\/\\\/nilin.org.pl\\\/en\\\/\"},{\"@type\":\"ListItem\",\"position\":2,\"name\":\"Spotkaj si\u0119 z nami !\"}]},{\"@type\":\"WebSite\",\"@id\":\"https:\\\/\\\/nilin.org.pl\\\/en\\\/#website\",\"url\":\"https:\\\/\\\/nilin.org.pl\\\/en\\\/\",\"name\":\"Naczelna Izba Lekarska - NIL IN - Sie\u0107 Lekarzy Innowator\u00f3w\",\"description\":\"\",\"potentialAction\":[{\"@type\":\"SearchAction\",\"target\":{\"@type\":\"EntryPoint\",\"urlTemplate\":\"https:\\\/\\\/nilin.org.pl\\\/en\\\/?s={search_term_string}\"},\"query-input\":{\"@type\":\"PropertyValueSpecification\",\"valueRequired\":true,\"valueName\":\"search_term_string\"}}],\"inLanguage\":\"en-US\"}]}<\/script>\n<!-- \/ Yoast SEO plugin. -->","yoast_head_json":{"title":"Spotkaj si\u0119 z nami ! - Naczelna Izba Lekarska - NIL IN - Sie\u0107 Lekarzy Innowator\u00f3w","robots":{"index":"index","follow":"follow","max-snippet":"max-snippet:-1","max-image-preview":"max-image-preview:large","max-video-preview":"max-video-preview:-1"},"canonical":"https:\/\/nilin.org.pl\/en\/wydarzenie\/forum-ekonomiczne-jaku\/","og_locale":"en_US","og_type":"article","og_title":"Spotkaj si\u0119 z nami ! - Naczelna Izba Lekarska - NIL IN - Sie\u0107 Lekarzy Innowator\u00f3w","og_description":"Nie przegapcie okazji na spotkanie i rozmow\u0119 z przedstawicielami NIL IN, kt\u00f3rzy b\u0119d\u0105 obecni na XXXII Forum Ekonomicznym w Karpaczu! \u0141ukasz Sosnowski, Partner Operacyjny, oraz Jakub Chwie\u0107ko, Partner Zarz\u0105dzaj\u0105cy, ch\u0119tnie podziel\u0105 si\u0119 swoj\u0105 wiedz\u0105 i do\u015bwiadczeniem z zakresu NIL IN. Do\u0142\u0105czcie do nas i rozpocznijcie inspiruj\u0105ce dyskusje!","og_url":"https:\/\/nilin.org.pl\/en\/wydarzenie\/forum-ekonomiczne-jaku\/","og_site_name":"Naczelna Izba Lekarska - NIL IN - Sie\u0107 Lekarzy Innowator\u00f3w","twitter_card":"summary_large_image","schema":{"@context":"https:\/\/schema.org","@graph":[{"@type":"WebPage","@id":"https:\/\/nilin.org.pl\/en\/wydarzenie\/forum-ekonomiczne-jaku\/","url":"https:\/\/nilin.org.pl\/en\/wydarzenie\/forum-ekonomiczne-jaku\/","name":"Spotkaj si\u0119 z nami ! - Naczelna Izba Lekarska - NIL IN - Sie\u0107 Lekarzy Innowator\u00f3w","isPartOf":{"@id":"https:\/\/nilin.org.pl\/en\/#website"},"datePublished":"2023-09-01T00:00:00+00:00","breadcrumb":{"@id":"https:\/\/nilin.org.pl\/en\/wydarzenie\/forum-ekonomiczne-jaku\/#breadcrumb"},"inLanguage":"en-US","potentialAction":[{"@type":"ReadAction","target":["https:\/\/nilin.org.pl\/en\/wydarzenie\/forum-ekonomiczne-jaku\/"]}]},{"@type":"BreadcrumbList","@id":"https:\/\/nilin.org.pl\/en\/wydarzenie\/forum-ekonomiczne-jaku\/#breadcrumb","itemListElement":[{"@type":"ListItem","position":1,"name":"Strona g\u0142\u00f3wna","item":"https:\/\/nilin.org.pl\/en\/"},{"@type":"ListItem","position":2,"name":"Spotkaj si\u0119 z nami !"}]},{"@type":"WebSite","@id":"https:\/\/nilin.org.pl\/en\/#website","url":"https:\/\/nilin.org.pl\/en\/","name":"Naczelna Izba Lekarska - NIL IN - Sie\u0107 Lekarzy Innowator\u00f3w","description":"","potentialAction":[{"@type":"SearchAction","target":{"@type":"EntryPoint","urlTemplate":"https:\/\/nilin.org.pl\/en\/?s={search_term_string}"},"query-input":{"@type":"PropertyValueSpecification","valueRequired":true,"valueName":"search_term_string"}}],"inLanguage":"en-US"}]}},"_links":{"self":[{"href":"https:\/\/nilin.org.pl\/en\/wp-json\/wp\/v2\/wydarzenie\/1106","targetHints":{"allow":["GET"]}}],"collection":[{"href":"https:\/\/nilin.org.pl\/en\/wp-json\/wp\/v2\/wydarzenie"}],"about":[{"href":"https:\/\/nilin.org.pl\/en\/wp-json\/wp\/v2\/types\/wydarzenie"}],"wp:attachment":[{"href":"https:\/\/nilin.org.pl\/en\/wp-json\/wp\/v2\/media?parent=1106"}],"wp:term":[{"taxonomy":"kategoria-grupy-badawczej","embeddable":true,"href":"https:\/\/nilin.org.pl\/en\/wp-json\/wp\/v2\/kategoria-grupy-badawczej?post=1106"}],"curies":[{"name":"wp","href":"https:\/\/api.w.org\/{rel}","templated":true}]}}

Spotkaj się z nami !

<p>Nie przegapcie okazji na spotkanie i rozmowę z przedstawicielami NIL IN, którzy będą obecni na XXXII Forum Ekonomicznym w Karpaczu!  </p>
<p>Łukasz Sosnowski, Partner Operacyjny, oraz Jakub Chwiećko, Partner Zarządzający, chętnie podzielą się swoją wiedzą i doświadczeniem z zakresu NIL IN.</p>
<p> <P> Dołączcie do nas i rozpocznijcie inspirujące dyskusje! </p>

<!-- This site is optimized with the Yoast SEO plugin v27.3 - https://yoast.com/product/yoast-seo-wordpress/ -->
<title>Spotkaj się z nami ! - Naczelna Izba Lekarska - NIL IN - Sieć Lekarzy Innowatorów</title>
<meta name="robots" content="index, follow, max-snippet:-1, max-image-preview:large, max-video-preview:-1" />
<link rel="canonical" href="https://nilin.org.pl/en/wydarzenie/forum-ekonomiczne-jaku/" />
<meta property="og:locale" content="en_US" />
<meta property="og:type" content="article" />
<meta property="og:title" content="Spotkaj się z nami ! - Naczelna Izba Lekarska - NIL IN - Sieć Lekarzy Innowatorów" />
<meta property="og:description" content="Nie przegapcie okazji na spotkanie i rozmowę z przedstawicielami NIL IN, którzy będą obecni na XXXII Forum Ekonomicznym w Karpaczu! Łukasz Sosnowski, Partner Operacyjny, oraz Jakub Chwiećko, Partner Zarządzający, chętnie podzielą się swoją wiedzą i doświadczeniem z zakresu NIL IN. Dołączcie do nas i rozpocznijcie inspirujące dyskusje!" />
<meta property="og:url" content="https://nilin.org.pl/en/wydarzenie/forum-ekonomiczne-jaku/" />
<meta property="og:site_name" content="Naczelna Izba Lekarska - NIL IN - Sieć Lekarzy Innowatorów" />
<meta name="twitter:card" content="summary_large_image" />
<script type="application/ld+json" class="yoast-schema-graph">{"@context":"https:\/\/schema.org","@graph":[{"@type":"WebPage","@id":"https:\/\/nilin.org.pl\/en\/wydarzenie\/forum-ekonomiczne-jaku\/","url":"https:\/\/nilin.org.pl\/en\/wydarzenie\/forum-ekonomiczne-jaku\/","name":"Spotkaj się z nami ! - Naczelna Izba Lekarska - NIL IN - Sieć Lekarzy Innowatorów","isPartOf":{"@id":"https:\/\/nilin.org.pl\/en\/#website"},"datePublished":"2023-09-01T00:00:00+00:00","breadcrumb":{"@id":"https:\/\/nilin.org.pl\/en\/wydarzenie\/forum-ekonomiczne-jaku\/#breadcrumb"},"inLanguage":"en-US","potentialAction":[{"@type":"ReadAction","target":["https:\/\/nilin.org.pl\/en\/wydarzenie\/forum-ekonomiczne-jaku\/"]}]},{"@type":"BreadcrumbList","@id":"https:\/\/nilin.org.pl\/en\/wydarzenie\/forum-ekonomiczne-jaku\/#breadcrumb","itemListElement":[{"@type":"ListItem","position":1,"name":"Strona główna","item":"https:\/\/nilin.org.pl\/en\/"},{"@type":"ListItem","position":2,"name":"Spotkaj się z nami !"}]},{"@type":"WebSite","@id":"https:\/\/nilin.org.pl\/en\/#website","url":"https:\/\/nilin.org.pl\/en\/","name":"Naczelna Izba Lekarska - NIL IN - Sieć Lekarzy Innowatorów","description":"","potentialAction":[{"@type":"SearchAction","target":{"@type":"EntryPoint","urlTemplate":"https:\/\/nilin.org.pl\/en\/?s={search_term_string}"},"query-input":{"@type":"PropertyValueSpecification","valueRequired":true,"valueName":"search_term_string"}}],"inLanguage":"en-US"}]}</script>
<!-- / Yoast SEO plugin. -->

Spotkaj się z nami ! - Naczelna Izba Lekarska - NIL IN - Sieć Lekarzy Innowatorów

Nie przegapcie okazji na spotkanie i rozmowę z przedstawicielami NIL IN, którzy będą obecni na XXXII Forum Ekonomicznym w Karpaczu! Łukasz Sosnowski, Partner Operacyjny, oraz Jakub Chwiećko, Partner Zarządzający, chętnie podzielą się swoją wiedzą i doświadczeniem z zakresu NIL IN. Dołączcie do nas i rozpocznijcie inspirujące dyskusje!

Naczelna Izba Lekarska - NIL IN - Sieć Lekarzy Innowatorów

Strona główna
