{"id":1148,"date":"2024-03-28T00:00:00","date_gmt":"2024-03-28T00:00:00","guid":{"rendered":"https:\/\/nilin.org.pl\/wydarzenie\/medmeetstech-4\/"},"modified":"2025-06-17T11:36:13","modified_gmt":"2025-06-17T11:36:13","slug":"medmeetstech-4","status":"publish","type":"wydarzenie","link":"https:\/\/nilin.org.pl\/en\/wydarzenie\/medmeetstech-4\/","title":{"rendered":"MEDmeetsTECH"},"content":{"rendered":"<p>16 maja br. w Warszawie ju\u017c po raz siedemnasty odb\u0119dzie si\u0119 konferencja <strong>MEDmeetsTECH<\/strong> kt\u00f3ra po raz drugi podzielona jest na tematyczne sesje. I tym razem liczymy na to i\u017c przejrzysty uk\u0142ad sesji i pogrupowanie wyk\u0142ad\u00f3w na bloki tematyczne przyczyni si\u0119 do \u0142atwiejszego przyswojenia wiedzy i lepszego odbioru przez uczestnik\u00f3w konferencji &#8211; tak jak mia\u0142o to miejsce podczas szesnastej edycji konferencji, w grudniu 2023 r.<\/p>\n<p><\/br><\/br>Wiosenne spotkanie rozpocznie sesja\u00a0KEYNOTE\u00a0dot. og\u00f3lnych trend\u00f3w\u00a0zwi\u0105zanych z przysz\u0142o\u015bci\u0105 bran\u017cy\u00a0MEDTECH. Po niej nast\u0105pi\u00a0nowy punkt w programie\u00a0MEDmeetsTECH &#8211;\u00a0sesja PRO-CONTRA\u00a0z tematem:\u00a0&#8220;Medycyna XX wieku kontra Medycyna XXI wieku\u00a0\u2013 czy technologia wspiera do\u015bwiadczenie?&#8221;\u00a0Szczeg\u00f3\u0142y tej sesji ods\u0142onimy niebawem! B\u0119dzie to naprawd\u0119 wyj\u0105tkowa sesja z wyj\u0105tkowymi go\u015b\u0107mi!<\/p>\n<p><\/br><\/br><strong>Ma\u0142gorzata Kilja\u0144ska<\/strong> we\u017amie udzia\u0142 w debacie Jak skutecznie komunikowa\u0107 innowacje do pacjent\u00f3w i pracownik\u00f3w ochrony zdrowia?<\/p>\n<p><\/br><\/br>Dla naszej spo\u0142eczno\u015bci mamy kod zni\u017ckowy, kt\u00f3ry otrzymasz w nadchodz\u0105cym newsletterze.<\/p>\n<p><\/br>Do zobaczenia!<\/p>\n<p>&nbsp;<\/p>\n<p>&nbsp;<\/p>\n","protected":false},"featured_media":0,"parent":0,"template":"","meta":{"_acf_changed":false},"kategoria-grupy-badawczej":[],"class_list":["post-1148","wydarzenie","type-wydarzenie","status-publish","hentry"],"acf":[],"yoast_head":"<!-- This site is optimized with the Yoast SEO plugin v27.5 - https:\/\/yoast.com\/product\/yoast-seo-wordpress\/ -->\n<title>MEDmeetsTECH - Naczelna Izba Lekarska - NIL IN - Sie\u0107 Lekarzy Innowator\u00f3w<\/title>\n<meta name=\"robots\" content=\"index, follow, max-snippet:-1, max-image-preview:large, max-video-preview:-1\" \/>\n<link rel=\"canonical\" href=\"https:\/\/nilin.org.pl\/en\/wydarzenie\/medmeetstech-4\/\" \/>\n<meta property=\"og:locale\" content=\"en_US\" \/>\n<meta property=\"og:type\" content=\"article\" \/>\n<meta property=\"og:title\" content=\"MEDmeetsTECH - Naczelna Izba Lekarska - NIL IN - Sie\u0107 Lekarzy Innowator\u00f3w\" \/>\n<meta property=\"og:description\" content=\"16 maja br. w Warszawie ju\u017c po raz siedemnasty odb\u0119dzie si\u0119 konferencja MEDmeetsTECH kt\u00f3ra po raz drugi podzielona jest na tematyczne sesje. I tym razem liczymy na to i\u017c przejrzysty uk\u0142ad sesji i pogrupowanie wyk\u0142ad\u00f3w na bloki tematyczne przyczyni si\u0119 do \u0142atwiejszego przyswojenia wiedzy i lepszego odbioru przez uczestnik\u00f3w konferencji &#8211; tak jak mia\u0142o to [&hellip;]\" \/>\n<meta property=\"og:url\" content=\"https:\/\/nilin.org.pl\/en\/wydarzenie\/medmeetstech-4\/\" \/>\n<meta property=\"og:site_name\" content=\"Naczelna Izba Lekarska - NIL IN - Sie\u0107 Lekarzy Innowator\u00f3w\" \/>\n<meta property=\"article:modified_time\" content=\"2025-06-17T11:36:13+00:00\" \/>\n<meta name=\"twitter:card\" content=\"summary_large_image\" \/>\n<meta name=\"twitter:label1\" content=\"Est. reading time\" \/>\n\t<meta name=\"twitter:data1\" content=\"1 minute\" \/>\n<script type=\"application\/ld+json\" class=\"yoast-schema-graph\">{\"@context\":\"https:\\\/\\\/schema.org\",\"@graph\":[{\"@type\":\"WebPage\",\"@id\":\"https:\\\/\\\/nilin.org.pl\\\/en\\\/wydarzenie\\\/medmeetstech-4\\\/\",\"url\":\"https:\\\/\\\/nilin.org.pl\\\/en\\\/wydarzenie\\\/medmeetstech-4\\\/\",\"name\":\"MEDmeetsTECH - Naczelna Izba Lekarska - NIL IN - Sie\u0107 Lekarzy Innowator\u00f3w\",\"isPartOf\":{\"@id\":\"https:\\\/\\\/nilin.org.pl\\\/en\\\/#website\"},\"datePublished\":\"2024-03-28T00:00:00+00:00\",\"dateModified\":\"2025-06-17T11:36:13+00:00\",\"breadcrumb\":{\"@id\":\"https:\\\/\\\/nilin.org.pl\\\/en\\\/wydarzenie\\\/medmeetstech-4\\\/#breadcrumb\"},\"inLanguage\":\"en-US\",\"potentialAction\":[{\"@type\":\"ReadAction\",\"target\":[\"https:\\\/\\\/nilin.org.pl\\\/en\\\/wydarzenie\\\/medmeetstech-4\\\/\"]}]},{\"@type\":\"BreadcrumbList\",\"@id\":\"https:\\\/\\\/nilin.org.pl\\\/en\\\/wydarzenie\\\/medmeetstech-4\\\/#breadcrumb\",\"itemListElement\":[{\"@type\":\"ListItem\",\"position\":1,\"name\":\"Strona g\u0142\u00f3wna\",\"item\":\"https:\\\/\\\/nilin.org.pl\\\/en\\\/\"},{\"@type\":\"ListItem\",\"position\":2,\"name\":\"MEDmeetsTECH\"}]},{\"@type\":\"WebSite\",\"@id\":\"https:\\\/\\\/nilin.org.pl\\\/en\\\/#website\",\"url\":\"https:\\\/\\\/nilin.org.pl\\\/en\\\/\",\"name\":\"Naczelna Izba Lekarska - NIL IN - Sie\u0107 Lekarzy Innowator\u00f3w\",\"description\":\"\",\"potentialAction\":[{\"@type\":\"SearchAction\",\"target\":{\"@type\":\"EntryPoint\",\"urlTemplate\":\"https:\\\/\\\/nilin.org.pl\\\/en\\\/?s={search_term_string}\"},\"query-input\":{\"@type\":\"PropertyValueSpecification\",\"valueRequired\":true,\"valueName\":\"search_term_string\"}}],\"inLanguage\":\"en-US\"}]}<\/script>\n<!-- \/ Yoast SEO plugin. -->","yoast_head_json":{"title":"MEDmeetsTECH - Naczelna Izba Lekarska - NIL IN - Sie\u0107 Lekarzy Innowator\u00f3w","robots":{"index":"index","follow":"follow","max-snippet":"max-snippet:-1","max-image-preview":"max-image-preview:large","max-video-preview":"max-video-preview:-1"},"canonical":"https:\/\/nilin.org.pl\/en\/wydarzenie\/medmeetstech-4\/","og_locale":"en_US","og_type":"article","og_title":"MEDmeetsTECH - Naczelna Izba Lekarska - NIL IN - Sie\u0107 Lekarzy Innowator\u00f3w","og_description":"16 maja br. w Warszawie ju\u017c po raz siedemnasty odb\u0119dzie si\u0119 konferencja MEDmeetsTECH kt\u00f3ra po raz drugi podzielona jest na tematyczne sesje. I tym razem liczymy na to i\u017c przejrzysty uk\u0142ad sesji i pogrupowanie wyk\u0142ad\u00f3w na bloki tematyczne przyczyni si\u0119 do \u0142atwiejszego przyswojenia wiedzy i lepszego odbioru przez uczestnik\u00f3w konferencji &#8211; tak jak mia\u0142o to [&hellip;]","og_url":"https:\/\/nilin.org.pl\/en\/wydarzenie\/medmeetstech-4\/","og_site_name":"Naczelna Izba Lekarska - NIL IN - Sie\u0107 Lekarzy Innowator\u00f3w","article_modified_time":"2025-06-17T11:36:13+00:00","twitter_card":"summary_large_image","twitter_misc":{"Est. reading time":"1 minute"},"schema":{"@context":"https:\/\/schema.org","@graph":[{"@type":"WebPage","@id":"https:\/\/nilin.org.pl\/en\/wydarzenie\/medmeetstech-4\/","url":"https:\/\/nilin.org.pl\/en\/wydarzenie\/medmeetstech-4\/","name":"MEDmeetsTECH - Naczelna Izba Lekarska - NIL IN - Sie\u0107 Lekarzy Innowator\u00f3w","isPartOf":{"@id":"https:\/\/nilin.org.pl\/en\/#website"},"datePublished":"2024-03-28T00:00:00+00:00","dateModified":"2025-06-17T11:36:13+00:00","breadcrumb":{"@id":"https:\/\/nilin.org.pl\/en\/wydarzenie\/medmeetstech-4\/#breadcrumb"},"inLanguage":"en-US","potentialAction":[{"@type":"ReadAction","target":["https:\/\/nilin.org.pl\/en\/wydarzenie\/medmeetstech-4\/"]}]},{"@type":"BreadcrumbList","@id":"https:\/\/nilin.org.pl\/en\/wydarzenie\/medmeetstech-4\/#breadcrumb","itemListElement":[{"@type":"ListItem","position":1,"name":"Strona g\u0142\u00f3wna","item":"https:\/\/nilin.org.pl\/en\/"},{"@type":"ListItem","position":2,"name":"MEDmeetsTECH"}]},{"@type":"WebSite","@id":"https:\/\/nilin.org.pl\/en\/#website","url":"https:\/\/nilin.org.pl\/en\/","name":"Naczelna Izba Lekarska - NIL IN - Sie\u0107 Lekarzy Innowator\u00f3w","description":"","potentialAction":[{"@type":"SearchAction","target":{"@type":"EntryPoint","urlTemplate":"https:\/\/nilin.org.pl\/en\/?s={search_term_string}"},"query-input":{"@type":"PropertyValueSpecification","valueRequired":true,"valueName":"search_term_string"}}],"inLanguage":"en-US"}]}},"_links":{"self":[{"href":"https:\/\/nilin.org.pl\/en\/wp-json\/wp\/v2\/wydarzenie\/1148","targetHints":{"allow":["GET"]}}],"collection":[{"href":"https:\/\/nilin.org.pl\/en\/wp-json\/wp\/v2\/wydarzenie"}],"about":[{"href":"https:\/\/nilin.org.pl\/en\/wp-json\/wp\/v2\/types\/wydarzenie"}],"wp:attachment":[{"href":"https:\/\/nilin.org.pl\/en\/wp-json\/wp\/v2\/media?parent=1148"}],"wp:term":[{"taxonomy":"kategoria-grupy-badawczej","embeddable":true,"href":"https:\/\/nilin.org.pl\/en\/wp-json\/wp\/v2\/kategoria-grupy-badawczej?post=1148"}],"curies":[{"name":"wp","href":"https:\/\/api.w.org\/{rel}","templated":true}]}}

<p>16 maja br. w Warszawie już po raz siedemnasty odbędzie się konferencja <strong>MEDmeetsTECH</strong> która po raz drugi podzielona jest na tematyczne sesje. I tym razem liczymy na to iż przejrzysty układ sesji i pogrupowanie wykładów na bloki tematyczne przyczyni się do łatwiejszego przyswojenia wiedzy i lepszego odbioru przez uczestników konferencji &#8211; tak jak miało to miejsce podczas szesnastej edycji konferencji, w grudniu 2023 r.</p>
<p></br></br>Wiosenne spotkanie rozpocznie sesja KEYNOTE dot. ogólnych trendów związanych z przyszłością branży MEDTECH. Po niej nastąpi nowy punkt w programie MEDmeetsTECH &#8211; sesja PRO-CONTRA z tematem: &#8220;Medycyna XX wieku kontra Medycyna XXI wieku – czy technologia wspiera doświadczenie?&#8221; Szczegóły tej sesji odsłonimy niebawem! Będzie to naprawdę wyjątkowa sesja z wyjątkowymi gośćmi!</p>
<p></br></br><strong>Małgorzata Kiljańska</strong> weźmie udział w debacie Jak skutecznie komunikować innowacje do pacjentów i pracowników ochrony zdrowia?</p>
<p></br></br>Dla naszej społeczności mamy kod zniżkowy, który otrzymasz w nadchodzącym newsletterze.</p>
<p></br>Do zobaczenia!</p>
<p>&nbsp;</p>
<p>&nbsp;</p>

<!-- This site is optimized with the Yoast SEO plugin v27.5 - https://yoast.com/product/yoast-seo-wordpress/ -->
<title>MEDmeetsTECH - Naczelna Izba Lekarska - NIL IN - Sieć Lekarzy Innowatorów</title>
<meta name="robots" content="index, follow, max-snippet:-1, max-image-preview:large, max-video-preview:-1" />
<link rel="canonical" href="https://nilin.org.pl/en/wydarzenie/medmeetstech-4/" />
<meta property="og:locale" content="en_US" />
<meta property="og:type" content="article" />
<meta property="og:title" content="MEDmeetsTECH - Naczelna Izba Lekarska - NIL IN - Sieć Lekarzy Innowatorów" />
<meta property="og:description" content="16 maja br. w Warszawie już po raz siedemnasty odbędzie się konferencja MEDmeetsTECH która po raz drugi podzielona jest na tematyczne sesje. I tym razem liczymy na to iż przejrzysty układ sesji i pogrupowanie wykładów na bloki tematyczne przyczyni się do łatwiejszego przyswojenia wiedzy i lepszego odbioru przez uczestników konferencji &#8211; tak jak miało to [&hellip;]" />
<meta property="og:url" content="https://nilin.org.pl/en/wydarzenie/medmeetstech-4/" />
<meta property="og:site_name" content="Naczelna Izba Lekarska - NIL IN - Sieć Lekarzy Innowatorów" />
<meta property="article:modified_time" content="2025-06-17T11:36:13+00:00" />
<meta name="twitter:card" content="summary_large_image" />
<meta name="twitter:label1" content="Est. reading time" />
	<meta name="twitter:data1" content="1 minute" />
<script type="application/ld+json" class="yoast-schema-graph">{"@context":"https:\/\/schema.org","@graph":[{"@type":"WebPage","@id":"https:\/\/nilin.org.pl\/en\/wydarzenie\/medmeetstech-4\/","url":"https:\/\/nilin.org.pl\/en\/wydarzenie\/medmeetstech-4\/","name":"MEDmeetsTECH - Naczelna Izba Lekarska - NIL IN - Sieć Lekarzy Innowatorów","isPartOf":{"@id":"https:\/\/nilin.org.pl\/en\/#website"},"datePublished":"2024-03-28T00:00:00+00:00","dateModified":"2025-06-17T11:36:13+00:00","breadcrumb":{"@id":"https:\/\/nilin.org.pl\/en\/wydarzenie\/medmeetstech-4\/#breadcrumb"},"inLanguage":"en-US","potentialAction":[{"@type":"ReadAction","target":["https:\/\/nilin.org.pl\/en\/wydarzenie\/medmeetstech-4\/"]}]},{"@type":"BreadcrumbList","@id":"https:\/\/nilin.org.pl\/en\/wydarzenie\/medmeetstech-4\/#breadcrumb","itemListElement":[{"@type":"ListItem","position":1,"name":"Strona główna","item":"https:\/\/nilin.org.pl\/en\/"},{"@type":"ListItem","position":2,"name":"MEDmeetsTECH"}]},{"@type":"WebSite","@id":"https:\/\/nilin.org.pl\/en\/#website","url":"https:\/\/nilin.org.pl\/en\/","name":"Naczelna Izba Lekarska - NIL IN - Sieć Lekarzy Innowatorów","description":"","potentialAction":[{"@type":"SearchAction","target":{"@type":"EntryPoint","urlTemplate":"https:\/\/nilin.org.pl\/en\/?s={search_term_string}"},"query-input":{"@type":"PropertyValueSpecification","valueRequired":true,"valueName":"search_term_string"}}],"inLanguage":"en-US"}]}</script>
<!-- / Yoast SEO plugin. -->

MEDmeetsTECH - Naczelna Izba Lekarska - NIL IN - Sieć Lekarzy Innowatorów

16 maja br. w Warszawie już po raz siedemnasty odbędzie się konferencja MEDmeetsTECH która po raz drugi podzielona jest na tematyczne sesje. I tym razem liczymy na to iż przejrzysty układ sesji i pogrupowanie wykładów na bloki tematyczne przyczyni się do łatwiejszego przyswojenia wiedzy i lepszego odbioru przez uczestników konferencji &#8211; tak jak miało to [&hellip;]

Naczelna Izba Lekarska - NIL IN - Sieć Lekarzy Innowatorów

Strona główna
